by 11?
8
Suppose 329*b - 264 = 323*b. Calculate the remainder when 315 is divided by b.
7
Let q(m) be the first derivative of -m**2/2 + 14*m - 5. Calculate the remainder when q(-11) is divided by (-13)/(1/(0 + -1)).
12
Suppose -s = 5*m - 9 - 3, -3*m + 17 = 2*s. What is the remainder when 100/175 - (-129)/s is divided by 12?
7
Calculate the remainder when 50 is divided by (-10)/4*532/(-35).
12
What is the remainder when 226 is divided by 170/(-68)*(-38)/5?
17
Calculate the remainder when 18 - 18 - (3 - 974) is divided by 36.
35
Suppose -4*l + 3 + 5 = 0, -5*l = -4*w + 506. What is the remainder when w is divided by 6?
3
Suppose -10 = 5*a, -a = q + 85 - 273. Calculate the remainder when q is divided by 33.
25
Let j(d) = -52*d**2 + 3*d**2 + 1 + 0 - d - 19*d**2. Let r be j(1). Let c = -42 - r. What is the remainder when c is divided by 7?
5
Suppose 0 = -3*p - 5*r + 20, -5*p + 39 = 4*r - 3. Let x = -283 + 332. What is the remainder when x is divided by p?
9
Let l = -581 + 778. What is the remainder when l is divided by 4?
1
What is the remainder when 93 is divided by 0 - (-19 - 16/8)?
9
Let o be ((-15)/(-2))/((-18)/(-48)). Let x = o - 3. Calculate the remainder when 33 is divided by x.
16
Let q(t) = t**3 - 10*t**2 + t - 3. Let l(c) = c**2 - 4*c + 1. What is the remainder when q(10) is divided by l(5)?
1
Let t = 11 - 10. What is the remainder when 43 is divided by t/(-2)*-30 - 4?
10
Suppose 463 = -4*k - 21. Let x = k - -127. What is the remainder when 35 is divided by x?
5
Let w(y) = 4*y**2 + 6*y. Let o = -7 - -2. Suppose -3*z + 32 + 22 = 0. What is the remainder when w(o) is divided by z?
16
Let d(j) = -j**2 + 10*j - 10. Suppose 3*x = 5*x - 14. Let h(y) = 8*y - 31. What is the remainder when h(9) is divided by d(x)?
8
Let o = 141 + -136. Let l(z) = z**3 - z + 1. Let b be l(1). What is the remainder when 51/6 - b/(-2) is divided by o?
4
Suppose 30*h - 34*h - 20 = 0. What is the remainder when (-2 + (-25)/h)/((-1)/(-13)) is divided by 12?
3
What is the remainder when 728 is divided by (51/3)/(-29 - -30)?
14
Suppose 0 = -10*n - 12*n + 704. What is the remainder when 85 is divided by n?
21
Let h be -2 - 1 - (-1 + 82). Let z be 3/(-4*3/h). Let a = -16 + z. What is the remainder when 8 is divided by a?
3
Let r(j) = 4*j**2 - 26*j + 14. Let t be r(6). Suppose 0 = 2*d - 3*d + 26. Calculate the remainder when (-17 - -18)/(149/(-75) + t) is divided by d.
23
Suppose -4*n = 3*k + 85, -2*k - 55 = 4*n - n. Let q = -32 - k. Suppose z - 5*h = -h + 23, -q*z + h = -36. What is the remainder when z is divided by 6?
5
Let l(x) = 11*x**2 + 152*x - 5. What is the remainder when 28 is divided by l(-14)?
5
Let t(k) = -k**2 + 16*k - 17. Calculate the remainder when 169 is divided by t(13).
15
Suppose -5*i + 27 = 7. Suppose 3*n + i*q = 3 + 13, n - 5*q - 37 = 0. What is the remainder when 33 is divided by n?
9
What is the remainder when 194 is divided by (-7)/(14/5)*(-128)/5?
2
Let b(k) = -k**2 - 47*k - 432. Calculate the remainder when 381 is divided by b(-31).
61
Calculate the remainder when -6 + 5 + 2 - -1*53 is divided by 468/21 + (-2)/7.
10
Let a(y) = 20*y**2 + 6*y + 6. Let d be a(-5). Calculate the remainder when (-42 - 0)*(-2 - -1) is divided by (-2)/6 - d/(-51).
6
Let b = 0 - 2. Let c = 8 + b. Calculate the remainder when c is divided by 70/17 + 22/(-187).
2
Suppose -4*n + 3*n + 2 = 0, -5*n - 37 = -t. Suppose 17 = 2*u - u. Calculate the remainder when t is divided by u.
13
Suppose -75*s - 42 = -77*s. What is the remainder when 80 is divided by s?
17
Suppose 385 = 45*p - 38*p. Calculate the remainder when 71 is divided by p.
16
Let p(g) = -8*g - 44. Let n = 63 - 70. Calculate the remainder when 46 is divided by p(n).
10
Calculate the remainder when 102 is divided by (-156 - -159) + (-1 - -1 - -4).
4
Let q = -988 - -1227. What is the remainder when q is divided by 22?
19
Let h(l) = -3*l. Let a(g) = -g**2 + 6*g + 9. Let j be a(8). Let r be h(j). Let f = r - 9. Calculate the remainder when f is divided by 5.
2
Let u = 20 - 13. Let t be 1 + 0 - (-16)/1. Let l = t - u. Calculate the remainder when 37 is divided by l.
7
Suppose -3*q + 118 = -29. Let h(d) = -35*d**2 + d + 1. Let m be h(-1). Let g = m - -60. What is the remainder when q is divided by g?
24
Let j be (-2*1/(-2))/(21/42). Suppose 0 = 2*i - 3*i + 7. Suppose 0 = j*t - i + 1. What is the remainder when 10 is divided by t?
1
Suppose 754 = 7*b - 695. Calculate the remainder when b is divided by 8.
7
Let w = -82 - -70. Let h(u) = -u**3 + 9*u**2 - 7*u + 6. Calculate the remainder when h(5) is divided by (8/w)/(4/(-102)) + 1.
17
Let y(u) = -20*u - 68. Calculate the remainder when y(-13) is divided by 28.
24
Let o = -2 - -14. Suppose 3*n - o = -0*n. Suppose 100 = -0*y + n*y. What is the remainder when y is divided by 7?
4
Suppose 80 = -5*j + 125. What is the remainder when 1 + (-4 - -3) + 15 is divided by j?
6
Suppose -o - 2*c + 40 = 0, -5*o - 24*c = -21*c - 207. What is the remainder when o is divided by (2*5)/(4/6)?
12
Let s be (-10)/4*(-96)/60. Suppose -4*v - 5*w + s = -5*v, 4*v - 5*w - 44 = 0. What is the remainder when v is divided by 4?
0
Suppose 2*g = g + 12. Let w(k) = -7*k + 64. Let y be w(7). Suppose y*n - 110 = 10*n. Calculate the remainder when n is divided by g.
10
Let l be (-5)/(-25) - (-27)/15. Let f(t) = 7*t - 5. What is the remainder when 23 is divided by f(l)?
5
Suppose 5*i - 4*b = 3041, 5*i - 1220 = 3*i - 2*b. Calculate the remainder when i is divided by 102.
99
What is the remainder when 128 is divided by ((-7)/14)/((-3)/114)?
14
Let t(o) = -8*o + 70. What is the remainder when 91 is divided by t(7)?
7
Let x = 734 - 651. What is the remainder when x is divided by 29?
25
Suppose -4*x + 2*i + 24 = 0, -3*i + 19 = 5*x - 22. Calculate the remainder when (-358)/(-9) - 16/(-72) is divided by x.
5
Suppose -846 = -8*r + 4*r + 2*z, 0 = -5*z + 15. What is the remainder when r is divided by 56?
45
Let i = -874 + 895. Let q = 15 - 6. Calculate the remainder when i is divided by q.
3
Calculate the remainder when 206 - (1/(-8) - 495/72) is divided by 12.
9
Let s = 13 - 10. Let a(v) = 22*v + 4. What is the remainder when a(s) is divided by 25?
20
Let w(d) = d**2 - 22*d + 42. What is the remainder when 74 is divided by w(21)?
11
Let l = 336 + -2. What is the remainder when l is divided by 13?
9
Let b = -15 + 26. Suppose 4*u + 33 = 5*s + u, 2*u + 18 = 2*s. What is the remainder when b is divided by s?
2
Let k = -37 - -53. Let p = 33 + -9. What is the remainder when p is divided by k?
8
Let j(d) = -d**2 - 12*d - 9. Let s be j(-9). Suppose -5*v + 21 = 4*i, 4*i + v - s = -v. What is the remainder when 142/i*(-1 - -3) is divided by 18?
17
Let n = -931 - -980. What is the remainder when 242 is divided by n?
46
Let f(m) = 2*m + 15. Let j be f(-7). Let c be 1 + j*-1*10. Let y = -5 - c. Calculate the remainder when 14 is divided by y.
2
Let a(i) = -15*i - 2. Suppose -5*u + 3*q = 7*q + 20, -2*u - 2*q = 8. Let x(z) = 3*z**2 + 5*z + 3. What is the remainder when a(u) is divided by x(-3)?
13
Suppose 2*j = 6*j - 3*q - 55, -4*j + 25 = 3*q. Let a(p) = -4*p**2 + j + p + 3*p**2 + 6 + 2*p**2. Calculate the remainder when 63 is divided by a(0).
15
Suppose -37 - 29 = -6*f. Let h(p) = -3 - 2 + 7 + 9*p. What is the remainder when h(2) is divided by f?
9
Let x(l) = 284*l - 1370. What is the remainder when x(5) is divided by ((-12)/10)/(3/(-50))?
10
Let n(m) = -35*m - 3. Let d(p) = -p**2 - 4*p + 3. Let v be d(-5). Calculate the remainder when n(v) is divided by 14.
11
Let j(b) = -23*b - 13. Calculate the remainder when j(-7) is divided by 22.
16
Let w be ((-13)/((-260)/24))/(2/(-10)). Let k(i) = -6*i - 28. Calculate the remainder when k(w) is divided by 4.
0
Let a(c) be the first derivative of -c**2/2 + c - 10. What is the remainder when 29 is divided by a(-7)?
5
Suppose 11*x - 35 = 16*x. What is the remainder when 27 is divided by x*5/(-4 + -1)?
6
Suppose 0 = 2*q - 0*q - 4*q. Suppose 8*o - 164 + 36 = q. Calculate the remainder when 125 is divided by o.
13
Let b(i) = 4*i - 5*i + 0*i - i + 27. Let p = -9 - -22. What is the remainder when b(-11) is divided by p?
10
Let r(c) = -4*c + 1 - 5*c + 4*c. What is the remainder when r(-2) is divided by (2 + 3)*42/35?
5
Suppose 5*h - 36 = -g, 2*g + 0 - 17 = h. Suppose -4*a + 85 + 36 = -3*c, -91 = -3*a